{"id":5449,"date":"2021-05-19T09:41:08","date_gmt":"2021-05-19T09:41:08","guid":{"rendered":"https:\/\/cirice.hosting-em.store\/cms\/?page_id=5449"},"modified":"2026-04-01T17:23:29","modified_gmt":"2026-04-01T17:23:29","slug":"international","status":"publish","type":"page","link":"https:\/\/www.iconografiacittaeuropea.unina.it\/cms\/international\/","title":{"rendered":"international"},"content":{"rendered":"<p>&nbsp;<\/p>\n<p><strong><span style=\"color: #ff6600;\">dottorato di ricerca<\/span> | <\/strong>18\/04\/2021 &#8211; 18\/07\/2021<strong><br \/>\n<\/strong><em>La ausencia de las mujeres fuertes de la Biblia en la pintura barroca espa\u00f1ola (1563-1700). \u00bfInvisibilidad o censura?<br \/>\n<\/em><strong>Bego\u00f1a Alvarez Sijo<\/strong>, Departamento de Historia da Arte dell\u2019Universidad de Santiago de Compostela<br \/>\n<em>tutor<\/em> Alfredo Buccaro<\/p>\n<p><span style=\"color: #ff6600;\"><strong>progetto di ricerca post-dottorato<\/strong><\/span> | 01\/07\/2017 &#8211; 31\/12\/2018<strong><br \/>\n<\/strong><em>Ciudades rotas. La acci\u00f3n de la naturaleza sobre el patrimonio cultural. Prevenci\u00f3n y reconstrucci\u00f3n<br \/>\n<\/em><strong>Carla Fern\u00e1ndez Mart\u00ednez<\/strong>, Departamento de Historia da Arte dell\u2019Universidad de Santiago de Compostela<br \/>\n<em>tutor<\/em> Massimo Visone<\/p>\n<p><span style=\"color: #ff6600;\"><strong>tirocinio universitario <\/strong><\/span>| 01\/01\/2018 &#8211; 31\/03\/2018<strong><br \/>\nFarah Bouden<\/strong>, Universit\u00e9 de Lyon<br \/>\n<em>tutor<\/em> Massimo Visone<\/p>\n<h3><\/h3>\n<h3><img loading=\"lazy\" class=\"wp-image-5951 size-thumbnail alignnone\" src=\"http:\/\/www.iconografiacittaeuropea.unina.it\/cms\/wp-content\/uploads\/2021\/07\/University-de-Lyon-Logo.fw_-e1627468950186-150x150.jpg\" alt=\"\" width=\"150\" height=\"150\" \/><img loading=\"lazy\" class=\"alignnone wp-image-5851\" src=\"https:\/\/cirice.hosting-em.store\/cms\/wp-content\/uploads\/2021\/07\/USC-Logo-500x281.jpg\" alt=\"\" width=\"167\" height=\"94\" srcset=\"https:\/\/www.iconografiacittaeuropea.unina.it\/cms\/wp-content\/uploads\/2021\/07\/USC-Logo-500x281.jpg 500w, https:\/\/www.iconografiacittaeuropea.unina.it\/cms\/wp-content\/uploads\/2021\/07\/USC-Logo-1024x576.jpg 1024w, https:\/\/www.iconografiacittaeuropea.unina.it\/cms\/wp-content\/uploads\/2021\/07\/USC-Logo-768x432.jpg 768w, https:\/\/www.iconografiacittaeuropea.unina.it\/cms\/wp-content\/uploads\/2021\/07\/USC-Logo-1536x864.jpg 1536w, https:\/\/www.iconografiacittaeuropea.unina.it\/cms\/wp-content\/uploads\/2021\/07\/USC-Logo-2048x1152.jpg 2048w\" sizes=\"(max-width: 167px) 100vw, 167px\" \/><\/h3>\n","protected":false},"excerpt":{"rendered":"<p>&nbsp; dottorato di ricerca | 18\/04\/2021 &#8211; 18\/07\/2021 La ausencia de las mujeres fuertes de la Biblia en la pintura barroca espa\u00f1ola (1563-1700). \u00bfInvisibilidad o censura? Bego\u00f1a Alvarez Sijo, Departamento de Historia da Arte dell\u2019Universidad de Santiago de Compostela tutor Alfredo Buccaro progetto di ricerca post-dottorato | 01\/07\/2017 &#8211; 31\/12\/2018 Ciudades rotas. La acci\u00f3n de [&hellip;]<\/p>\n","protected":false},"author":1,"featured_media":0,"parent":0,"menu_order":0,"comment_status":"closed","ping_status":"closed","template":"","meta":[],"_links":{"self":[{"href":"https:\/\/www.iconografiacittaeuropea.unina.it\/cms\/wp-json\/wp\/v2\/pages\/5449"}],"collection":[{"href":"https:\/\/www.iconografiacittaeuropea.unina.it\/cms\/wp-json\/wp\/v2\/pages"}],"about":[{"href":"https:\/\/www.iconografiacittaeuropea.unina.it\/cms\/wp-json\/wp\/v2\/types\/page"}],"author":[{"embeddable":true,"href":"https:\/\/www.iconografiacittaeuropea.unina.it\/cms\/wp-json\/wp\/v2\/users\/1"}],"replies":[{"embeddable":true,"href":"https:\/\/www.iconografiacittaeuropea.unina.it\/cms\/wp-json\/wp\/v2\/comments?post=5449"}],"version-history":[{"count":12,"href":"https:\/\/www.iconografiacittaeuropea.unina.it\/cms\/wp-json\/wp\/v2\/pages\/5449\/revisions"}],"predecessor-version":[{"id":7138,"href":"https:\/\/www.iconografiacittaeuropea.unina.it\/cms\/wp-json\/wp\/v2\/pages\/5449\/revisions\/7138"}],"wp:attachment":[{"href":"https:\/\/www.iconografiacittaeuropea.unina.it\/cms\/wp-json\/wp\/v2\/media?parent=5449"}],"curies":[{"name":"wp","href":"https:\/\/api.w.org\/{rel}","templated":true}]}}