{"id":5460,"date":"2021-05-19T09:56:27","date_gmt":"2021-05-19T09:56:27","guid":{"rendered":"https:\/\/cirice.hosting-em.store\/cms\/?page_id=5460"},"modified":"2022-06-10T15:46:52","modified_gmt":"2022-06-10T15:46:52","slug":"privacy","status":"publish","type":"page","link":"https:\/\/www.iconografiacittaeuropea.unina.it\/cms\/privacy\/","title":{"rendered":"Privacy"},"content":{"rendered":"<h3>Chi siamo<\/h3>\n<p>L\u2019indirizzo del nostro sito web \u00e8:<a href=\"http:\/\/www.iconografiacittaeuropea.unina.it\/\">www.iconografiacittaeuropea.unina.it<\/a><\/p>\n<h3>Quali dati personali raccogliamo e perch\u00e9 li raccogliamo<\/h3>\n<p><strong>Informazioni personali<\/strong><br \/>\nQuesto sito non prevede la registrazione degli utenti ed il conferimento di informazioni personali. Pertanto nessun form di richiesta dati \u00e8 attualmente installato su questo sito.<\/p>\n<p><strong>Cookies<\/strong><br \/>\nI cookie sono piccoli file di testo che possono essere utilizzati per rendere pi\u00f9 efficiente l\u2019esperienza per l\u2019utente.<\/p>\n<p>Questo sito utilizza i cookie per personalizzare contenuti ed annunci, per fornire funzionalit\u00e0 dei social media e per analizzare il traffico. Condividiamo inoltre informazioni sul modo in cui utilizzi il nostro sito con i nostri partner che si occupano di analisi dei dati web, pubblicit\u00e0 e social media, i quali potrebbero combinarle con altre informazioni che hai fornito loro o che hanno raccolto dal tuo utilizzo dei loro servizi.<\/p>\n<p>Alcuni cookie sono generati da servizi di terzi che compaiono sulle nostre pagine.<\/p>\n<p>In particolare eventuali servizi di Google Map integrati nel sito generano cookie gestiti da Google stessa. La disattivazione di tali tipologie di cookie potrebbe interdire la visualizzazione corretta delle mappe.<\/p>\n<div style=\"font-size: 14px;\">\n<table class=\"tg\">\n<tbody>\n<tr>\n<th class=\"tg-0lax\"><span style=\"font-weight: bold;\">Necessari<\/span><\/th>\n<th class=\"tg-0lax\"><\/th>\n<th class=\"tg-0lax\"><\/th>\n<th class=\"tg-0lax\"><\/th>\n<th class=\"tg-0lax\"><\/th>\n<\/tr>\n<tr>\n<td class=\"tg-0lax\" colspan=\"5\">I cookie statistici aiutano i proprietari del sito web a capire come i visitatori interagiscono con i siti raccogliendo e trasmettendo informazioni in forma anonima.<\/td>\n<\/tr>\n<tr>\n<td class=\"tg-0lax\" width=\"25%\">Nome<\/td>\n<td class=\"tg-0lax\">Fornitore<\/td>\n<td class=\"tg-0lax\">Scopo<\/td>\n<td class=\"tg-0lax\">Scadenza<\/td>\n<td class=\"tg-0lax\" width=\"20%\">Tipo<\/td>\n<\/tr>\n<tr>\n<td class=\"tg-0lax\">GDPRicono<\/td>\n<td class=\"tg-0lax\">iconografiacittaeuropea.unina.it<\/td>\n<td class=\"tg-0lax\">Memorizza lo stato del consenso ai cookie dell&#8217;utente per il dominio corrente<\/td>\n<td class=\"tg-0lax\">1 anno<\/td>\n<td class=\"tg-0lax\">HTTP Cookie<\/td>\n<\/tr>\n<tr>\n<td class=\"tg-0lax\"><span style=\"font-weight: bold;\">Marketing<\/span><\/td>\n<td class=\"tg-0lax\"><\/td>\n<td class=\"tg-0lax\"><\/td>\n<td class=\"tg-0lax\"><\/td>\n<td class=\"tg-0lax\"><\/td>\n<\/tr>\n<tr>\n<td class=\"tg-0lax\" colspan=\"5\">I cookie per il marketing vengono utilizzati per monitorare i visitatori nei siti web. L&#8217;intento \u00e8 quello di visualizzare annunci pertinenti e coinvolgenti per il singolo utente e quindi quelli di maggior valore per gli editori e gli inserzionisti terzi.<\/td>\n<\/tr>\n<tr>\n<td class=\"tg-0lax\">Nome<\/td>\n<td class=\"tg-0lax\">Fornitore<\/td>\n<td class=\"tg-0lax\">Scopo<\/td>\n<td class=\"tg-0lax\">Scadenza<\/td>\n<td class=\"tg-0lax\">Tipo<\/td>\n<\/tr>\n<tr>\n<td class=\"tg-0lax\">fr<\/td>\n<td class=\"tg-0lax\">facebook.com<\/td>\n<td class=\"tg-0lax\">Utilizzato da Facebook per fornire una serie di prodotti pubblicitari come offerte in tempo reale da inserzionisti terzi.<\/td>\n<td class=\"tg-0lax\">3 mesi<\/td>\n<td class=\"tg-0lax\">HTTP Cookie<\/td>\n<\/tr>\n<tr>\n<td class=\"tg-0lax\">GPS<\/td>\n<td class=\"tg-0lax\">youtube.com<\/td>\n<td class=\"tg-0lax\">Registra un ID univoco sui dispositivi mobile per consentire il tracciamento sulla base della posizione geografica GPS.<\/td>\n<td class=\"tg-0lax\">1 giorno<\/td>\n<td class=\"tg-0lax\">HTTP Cookie<\/td>\n<\/tr>\n<tr>\n<td class=\"tg-0lax\">IDE<\/td>\n<td class=\"tg-0lax\">doubleclick.net<\/td>\n<td class=\"tg-0lax\">Utilizzato da Google DoubleClick per registrare e produrre resoconti sulle azioni dell&#8217;utente sul sito dopo aver visualizzato o cliccato una delle pubblicit\u00e0 dell&#8217;inserzionista al fine di misurare l&#8217;efficacia di una pubblicit\u00e0 e presentare pubblicit\u00e0 mirata all&#8217;utente.<\/td>\n<td class=\"tg-0lax\">1 anno<\/td>\n<td class=\"tg-0lax\">HTTP Cookie<\/td>\n<\/tr>\n<tr>\n<td class=\"tg-0lax\">pagead\/1p-user-list\/#<\/td>\n<td class=\"tg-0lax\">google.com<\/td>\n<td class=\"tg-0lax\">Non classificati<\/td>\n<td class=\"tg-0lax\">Session<\/td>\n<td class=\"tg-0lax\">Pixel Tracker<\/td>\n<\/tr>\n<tr>\n<td class=\"tg-0lax\">PREF<\/td>\n<td class=\"tg-0lax\">youtube.com<\/td>\n<td class=\"tg-0lax\">Registra un ID univoco utilizzato da Google per statistiche legate a come il visitatore utilizza i video YouTube su diversi siti internet.<\/td>\n<td class=\"tg-0lax\">8 mesi<\/td>\n<td class=\"tg-0lax\">HTTP Cookie<\/td>\n<\/tr>\n<tr>\n<td class=\"tg-0lax\">test_cookie<\/td>\n<td class=\"tg-0lax\">doubleclick.net<\/td>\n<td class=\"tg-0lax\">Utilizzato per verificare se il browser dell&#8217;utente supporta i cookie.<\/td>\n<td class=\"tg-0lax\">1 giorno<\/td>\n<td class=\"tg-0lax\">HTTP Cookie<\/td>\n<\/tr>\n<tr>\n<td class=\"tg-0lax\">tr<\/td>\n<td class=\"tg-0lax\">facebook.com<\/td>\n<td class=\"tg-0lax\">Utilizzato da Facebook per fornire una serie di prodotti pubblicitari come offerte in tempo reale da inserzionisti terzi.<\/td>\n<td class=\"tg-0lax\">Session<\/td>\n<td class=\"tg-0lax\">Pixel Tracker<\/td>\n<\/tr>\n<tr>\n<td class=\"tg-0lax\">VISITOR_INFO1_LIVE<\/td>\n<td class=\"tg-0lax\">youtube.com<\/td>\n<td class=\"tg-0lax\">Prova a stimare la velocit\u00e0 della connessione dell&#8217;utente su pagine con video YouTube integrati.<\/td>\n<td class=\"tg-0lax\">179 giorni<\/td>\n<td class=\"tg-0lax\">HTTP Cookie<\/td>\n<\/tr>\n<tr>\n<td class=\"tg-0lax\">YSC<\/td>\n<td class=\"tg-0lax\">youtube.com<\/td>\n<td class=\"tg-0lax\">Registra un ID univoco per statistiche legate a quali video YouTube sono stati visualizzati dall&#8217;utente.<\/td>\n<td class=\"tg-0lax\">Session<\/td>\n<td class=\"tg-0lax\">HTTP Cookie<\/td>\n<\/tr>\n<tr>\n<td class=\"tg-0lax\">yt-remote-cast-installed<\/td>\n<td class=\"tg-0lax\">youtube.com<\/td>\n<td class=\"tg-0lax\">Memorizza le preferenze del lettore video dell&#8217;utente usando il video YouTube incorporato<\/td>\n<td class=\"tg-0lax\">Session<\/td>\n<td class=\"tg-0lax\">HTML Local Storage<\/td>\n<\/tr>\n<tr>\n<td class=\"tg-0lax\">yt-remote-connected-devices<\/td>\n<td class=\"tg-0lax\">youtube.com<\/td>\n<td class=\"tg-0lax\">Memorizza le preferenze del lettore video dell&#8217;utente usando il video YouTube incorporato<\/td>\n<td class=\"tg-0lax\">Persistent<\/td>\n<td class=\"tg-0lax\">HTML Local Storage<\/td>\n<\/tr>\n<tr>\n<td class=\"tg-0lax\">yt-remote-device-id<\/td>\n<td class=\"tg-0lax\">youtube.com<\/td>\n<td class=\"tg-0lax\">Memorizza le preferenze del lettore video dell&#8217;utente usando il video YouTube incorporato<\/td>\n<td class=\"tg-0lax\">Persistent<\/td>\n<td class=\"tg-0lax\">HTML Local Storage<\/td>\n<\/tr>\n<tr>\n<td class=\"tg-0lax\">yt-remote-fast-check-period<\/td>\n<td class=\"tg-0lax\">youtube.com<\/td>\n<td class=\"tg-0lax\">Memorizza le preferenze del lettore video dell&#8217;utente usando il video YouTube incorporato<\/td>\n<td class=\"tg-0lax\">Session<\/td>\n<td class=\"tg-0lax\">HTML Local Storage<\/td>\n<\/tr>\n<tr>\n<td class=\"tg-0lax\">yt-remote-session-app<\/td>\n<td class=\"tg-0lax\">youtube.com<\/td>\n<td class=\"tg-0lax\">Memorizza le preferenze del lettore video dell&#8217;utente usando il video YouTube incorporato<\/td>\n<td class=\"tg-0lax\">Session<\/td>\n<td class=\"tg-0lax\">HTML Local Storage<\/td>\n<\/tr>\n<tr>\n<td class=\"tg-0lax\">yt-remote-session-name<\/td>\n<td class=\"tg-0lax\">youtube.com<\/td>\n<td class=\"tg-0lax\">Memorizza le preferenze del lettore video dell&#8217;utente usando il video YouTube incorporato<\/td>\n<td class=\"tg-0lax\">Session<\/td>\n<td class=\"tg-0lax\">HTML Local Storage<\/td>\n<\/tr>\n<\/tbody>\n<\/table>\n<\/div>\n<p>La legge afferma che \u00e8 possibile memorizzare i cookie sul tuo dispositivo se sono strettamente necessari per il funzionamento di questo sito. Per tutti gli altri tipi di cookie abbiamo bisogno del tuo consenso.<\/p>\n<p>In qualsiasi momento \u00e8 possibile modificare o revocare il tuo consenso da questa pagina.<\/p>\n<style>.disabled{display:none;}.enabled{display:block;}<\/style><div id=\"panelCookie\">\n<div class=\"boxCookie\">\n<label class=\"checkbox\">\n  <input type=\"checkbox\" name=\"tecnici\" checked disabled data-toggle=\"toggle\"> Cookie Tecnici <small>(obbligatori)<\/small>\n  <p class=\"title\" style=\"font-weight:500;\">Sono necessari alla funzionalit\u00e0 del sito, consentono di \n\t\t\t\t\t\t\t\t\t\t riconoscere informazioni come la lingua e la risoluzione \n\t\t\t\t\t\t\t\t\t\t del dispositivo per offrire una migliore esperienza di navigazione<\/p>\n<\/label>\n<\/div>\n<\/div>\n<div class=\"boxCookie disabled\">\n<label class=\"checkbox\">\n  <input type=\"checkbox\" name=\"social\"  data-toggle=\"toggle\"> Cookie Social\n  <p class=\"title\" style=\"font-weight:500;\">Sono necessari per permettere al tuo account social di interagire \n\t\t\t\t\t\t\t\t\t\tcon il nostro sito. Servono ad esempio per farti esprimere il tuo \n\t\t\t\t\t\t\t\t\t\tapprezzamento e per condividerlo con i tuoi amici social.<\/p>\n  <\/label>\n  <\/div>\n  <div class=\"boxCookie enabled\">\n<label class=\"checkbox\">\n  <input type=\"checkbox\" name=\"terzi\"  data-toggle=\"toggle\"> Cookie di terze parti\n    <p class=\"title\" style=\"font-weight:500;\">Sono utilizzati per analisi statistiche sulle modalit\u00e0 di navigazione \n\t\t\t\t\t\t\t\t\t\tdegli utenti sul nostro sito. I risulltati vengono trattati in maniera\n\t\t\t\t\t\t\t\t\t\tanonima ed esclusivamente per finalit\u00e0 statistiche.<\/p>\n<\/label>\n<\/div>\n<br \/>\n<button id=\"updateConsent\">SALVA PREFERENZE<\/button>\n\t\t<\/div>\n<h3>Contenuto incorporato da altri siti web<\/h3>\n<p>Gli articoli su questo sito possono includere contenuti incorporati (ad esempio video, immagini, mappe, ecc.). I contenuti incorporati da altri siti web si comportano esattamente allo stesso modo come se il visitatore avesse visitato l\u2019altro sito web.<\/p>\n<p>Questi siti web possono raccogliere dati, usare cookie, integrare ulteriori tracciamenti di terze parti e monitorare l\u2019interazione con essi, incluso il tracciamento della tua interazione con il contenuto incorporato se hai un account e sei connesso a quei siti web.<\/p>\n<h3>Informazioni aggiuntive<\/h3>\n<p>L&#8217;utente inoltre pu\u00f2 in qualsiasi momento eliminare o interdire la generazione di Cookie sul proprio computer o altro devices consultando le istruzioni specifiche del Browser normalmente utilizzato per la navigazione (Chrome, Safari, Microsoft Explorer ecc.) o in alternativa utilizzando la modalit\u00e0 di navigazione in incognito supportata da molti browser.<\/p>\n<p>Per maggiori info consultare la seguenti risorse<\/p>\n<p><a href=\"http:\/\/cookiepedia.co.uk\/how-to-manage-cookies\" target=\"_blank\" rel=\"noopener\">http:\/\/cookiepedia.co.uk\/how-to-manage-cookies<\/a><\/p>\n","protected":false},"excerpt":{"rendered":"<p>Chi siamo L\u2019indirizzo del nostro sito web \u00e8:www.iconografiacittaeuropea.unina.it Quali dati personali raccogliamo e perch\u00e9 li raccogliamo Informazioni personali Questo sito non prevede la registrazione degli utenti ed il conferimento di informazioni personali. Pertanto nessun form di richiesta dati \u00e8 attualmente installato su questo sito. Cookies I cookie sono piccoli file di testo che possono essere [&hellip;]<\/p>\n","protected":false},"author":1,"featured_media":0,"parent":0,"menu_order":0,"comment_status":"closed","ping_status":"closed","template":"","meta":[],"_links":{"self":[{"href":"https:\/\/www.iconografiacittaeuropea.unina.it\/cms\/wp-json\/wp\/v2\/pages\/5460"}],"collection":[{"href":"https:\/\/www.iconografiacittaeuropea.unina.it\/cms\/wp-json\/wp\/v2\/pages"}],"about":[{"href":"https:\/\/www.iconografiacittaeuropea.unina.it\/cms\/wp-json\/wp\/v2\/types\/page"}],"author":[{"embeddable":true,"href":"https:\/\/www.iconografiacittaeuropea.unina.it\/cms\/wp-json\/wp\/v2\/users\/1"}],"replies":[{"embeddable":true,"href":"https:\/\/www.iconografiacittaeuropea.unina.it\/cms\/wp-json\/wp\/v2\/comments?post=5460"}],"version-history":[{"count":5,"href":"https:\/\/www.iconografiacittaeuropea.unina.it\/cms\/wp-json\/wp\/v2\/pages\/5460\/revisions"}],"predecessor-version":[{"id":6099,"href":"https:\/\/www.iconografiacittaeuropea.unina.it\/cms\/wp-json\/wp\/v2\/pages\/5460\/revisions\/6099"}],"wp:attachment":[{"href":"https:\/\/www.iconografiacittaeuropea.unina.it\/cms\/wp-json\/wp\/v2\/media?parent=5460"}],"curies":[{"name":"wp","href":"https:\/\/api.w.org\/{rel}","templated":true}]}}